et k be z(-7). Calculate the highest common divisor of 54 and k.
18
Let a(n) = -n**2 - 11*n - 13. Let o be a(-9). What is the greatest common factor of o and 2?
1
Suppose -2*z = -3*z + 24. Suppose s = -2*s - z. Let j = 19 + s. What is the greatest common divisor of 33 and j?
11
Let o(c) be the second derivative of c**4/12 - 2*c**3/3 - 3*c**2/2 - c. Let q be o(-2). What is the greatest common divisor of q and 99?
9
Suppose 209 - 599 = -6*l. Suppose 4*g + 5*w = l, g = -0*g + 2*w. Calculate the highest common divisor of 2 and g.
2
Let w = -63 - -192. Suppose 4*k = -2*a + 126, -3*a + w = 4*k - 0*k. Calculate the greatest common divisor of k and 75.
15
Suppose -2*h = -4*h - 5*c + 104, -4*h = -5*c - 238. Suppose -4*f = -k + h, -5*k + f = -400 + 20. What is the greatest common divisor of k and 7?
7
Let i(b) = -2*b + 64. Let y be i(20). Calculate the highest common factor of y and 264.
24
Let y be (-2 - (-1)/(-1))*-5. Let p = 82 - 37. Calculate the highest common factor of y and p.
15
Suppose 5*i - a = 15, 5*i - 37 = 2*i - 5*a. Suppose 0 = 3*v - i*o - 62, 2*o - 4*o + 32 = 2*v. What is the highest common factor of 36 and v?
18
Suppose 2*x = 9 + 1. Suppose -2*q + 2*n + 65 = n, -3*q = 5*n - 65. Suppose q = x*a - 0*a. Calculate the greatest common factor of a and 54.
6
Let h be 5*-2*((-54)/20 - -2). Calculate the greatest common factor of h and 14.
7
Let p(j) = -j + 1. Let v(a) = 12*a. Let c(g) = -6*p(g) - 2*v(g). Let i be c(-3). Calculate the highest common factor of 16 and i.
16
Let k(c) = -c**2 + 13*c - 2. Let i be k(9). Let r = i + -15. Calculate the highest common factor of r and 95.
19
Suppose 5*q - 38 = 22. Calculate the highest common divisor of 84 and q.
12
Let n be (-6)/1 + 2 - -2. Let q be 1 - (4/n + 3). Suppose q = 4*y - 2*y - 2*s - 58, 102 = 4*y + 3*s. Calculate the greatest common factor of 81 and y.
27
Suppose 52 = 5*h - 38. Let j = h - 13. Suppose -b = 3, -j*y + 5 + 24 = 2*b. What is the greatest common divisor of 49 and y?
7
Let b be 26*(-3)/(-6) + 1. Let l = -33 + b. Let w = l - -43. Calculate the greatest common divisor of 60 and w.
12
Let m(r) = 3*r**2 - 4. Let h be m(-3). Suppose h = 4*s - 17. What is the greatest common divisor of s and 10?
10
Suppose 12*u + u = 208. What is the highest common factor of 16 and u?
16
Let f(s) = 2*s**2 + 4 - 3*s**2 - 4*s + 2*s**2. Let x be f(6). Let m = -1 + 17. What is the highest common divisor of m and x?
16
Suppose 2*o - 3 = o. Suppose -2 = -2*y, -y - 225 = -o*r + 14. Calculate the highest common divisor of 10 and r.
10
Suppose -2*j + j + 76 = 0. Let c be (-3)/(j/(-64) - -1). What is the greatest common factor of c and 64?
16
Let x be 6 - (-3)/(-6)*0. Let n = 3 + x. Calculate the highest common factor of n and 63.
9
Suppose w + 4*f - f - 10 = 0, 4*f + 8 = 4*w. Let a(i) = 3*i**3 - 6*i**2 + i - 1. Let g be a(w). What is the greatest common factor of g and 11?
11
Suppose -n - 4*r = -10, -6*r + 5*r - 30 = -3*n. Calculate the highest common divisor of n and 110.
10
Let v(o) = -o**3 - o**2 + 10. Suppose q - 3 = r - 2, -4 = -4*r - 4*q. Let k be v(r). What is the greatest common factor of 30 and k?
10
Let o be (-10)/4*(-18)/15. What is the highest common divisor of o and 12?
3
Let r(g) = g**3 + 4*g**2 - g + 2. Let t be r(-4). Calculate the greatest common factor of 2 and t.
2
Let r(g) = -3*g - 40. Let a be r(-21). Calculate the highest common divisor of a and 115.
23
Let o = -3 - -30. What is the highest common factor of o and 108?
27
Let d = 13 - 25. Let q be (-3)/d + 159/4. Let z be -5*1/(4/(-4)) + 0. Calculate the greatest common divisor of q and z.
5
Let y = -67 - -69. What is the highest common divisor of 2 and y?
2
Let l = -31 - -34. What is the highest common factor of l and 12?
3
Let f(w) = -w**3 + 15*w**2 + 16*w + 15. Suppose -3*h - 32 + 80 = 0. Let q be f(h). What is the greatest common factor of 75 and q?
15
Let d(l) = 5*l + 2 + 8*l - l - 3*l. Let o be d(2). What is the highest common divisor of o and 10?
10
Let h be 51/2 - 45/30. Calculate the highest common divisor of h and 3.
3
Suppose 5*v - 22 = 38. Let j(y) = 16*y - 2. Let q be j(2). Calculate the greatest common divisor of q and v.
6
Suppose -3*b + 41 = -5*u, 0 = -0*b - b - 5*u + 47. What is the highest common factor of b and 22?
22
Suppose 3*v - 699 - 182 = -2*a, -4*v + 5*a + 1144 = 0. Let n = -174 + v. What is the highest common divisor of n and 13?
13
Let k be ((-3)/1)/((-15)/320). Suppose 4*u = 3*u - 5*z + 50, -2*u + k = z. Let p be 25*9/u*2. What is the highest common factor of p and 45?
15
Suppose -n + 4*k + 17 = 4, -k = 5*n - 23. Let i(a) = -a**2 + 7*a + 2. Let x be i(n). Suppose 7*s - 3*s - 336 = 0. What is the greatest common factor of x and s?
12
Let j = 0 - -4. Suppose j*c + 4 = 3*c. Let x be (c/10)/((-3)/165). Calculate the greatest common factor of x and 11.
11
Let y(p) = p - 1. Let u be y(1). Let j be u + 117 + (9 - 6). Suppose 3*q = -q - 5*i + 50, -4*i + 22 = 2*q. What is the highest common divisor of j and q?
15
Let a(m) = m**2 + 3*m - 3. Let g be a(2). Let v(u) = 13*u + 8. Let o be v(g). Calculate the greatest common factor of o and 9.
9
Suppose -4*b = -3*z + 11 + 10, 0 = -b + 3*z + 6. Let m = -157 - -280. Let o = m - b. Calculate the highest common factor of o and 12.
12
Suppose -2*i - 2 = -5*w - 27, -3*i = w - 29. What is the highest common factor of i and 4?
2
Let x be (-18)/4*6/(-9). Suppose -2*t = 5*o + 1 - 22, 45 = 2*t - x*o. Calculate the greatest common divisor of 54 and t.
18
Let n(j) = j - 1. Let b be n(5). Let g be (-2)/(-4)*0/(-2). Let q be -1 + g + (-1 - -38). Calculate the highest common divisor of b and q.
4
Let w(l) = -l**3 - l**2 - l - 2. Let u be w(-2). Let z(n) = 2*n**3 + 4*n**2 + 2*n - 2. Let a be z(u). What is the highest common divisor of a and 22?
22
Let m be (-13)/52*1*-8. Suppose -4*v = 3*i - 8*v - 12, 0 = -3*i + 3*v + 15. Calculate the highest common factor of m and i.
2
Let y = 46 - 26. Let v = 49 + -29. What is the highest common factor of y and v?
20
Let b = -74 - -128. What is the highest common divisor of b and 36?
18
Let u be (-4)/10 + (-585)/(-25). Suppose 2*h + 46 = 4*h. Calculate the highest common factor of u and h.
23
Suppose 5*j + 5*g = 925, 2*j - 3*g - 567 = -j. Let p = 24 - 7. What is the highest common divisor of j and p?
17
Let t = 20 - 7. Calculate the highest common factor of t and 52.
13
Let k(t) be the second derivative of 7*t**4/6 - t**3/6 - t**2/2 - 3*t. Let r be k(-1). What is the highest common divisor of r and 56?
14
Let l(y) = 3*y**2 + y - 2. Let g be l(2). Calculate the greatest common factor of 12 and g.
12
Let v(l) = 3*l - 38. Let u be v(16). What is the highest common divisor of 90 and u?
10
Let g(d) = 20*d**2 - 5*d - 6. Let q be g(-2). Calculate the greatest common factor of 28 and q.
28
Let g = -27 + 51. Calculate the highest common factor of 4 and g.
4
Suppose -t - t + 3*l + 27 = 0, l = -3*t + 46. What is the greatest common divisor of t and 45?
15
Let h(n) = n**2 + 5*n - 2. Let u be h(6). Calculate the highest common factor of 32 and u.
32
Suppose -2*x - 46 = -0*x. Let b = x + 43. Calculate the highest common factor of 30 and b.
10
Let y be 4 - (0 + 0 - 32). Suppose -4*u + u - 3*o + 33 = 0, 0 = u + 4*o - 8. Calculate the greatest common factor of u and y.
12
Let g be (6/4)/((-3)/(-20)). Let m = 1 + -3. Let w = m + 6. Calculate the highest common divisor of w and g.
2
Let j(m) = 14*m - 56. Let w be j(5). Let f = -25 + 67. Calculate the highest common factor of w and f.
14
Suppose -4*l = -4*y - 35 - 93, 3*y - 78 = -3*l. Calculate the highest common divisor of 203 and l.
29
Let g be 1/(-1) + -2*1. Let c be (-33)/g + 2*-1. Calculate the highest common divisor of 45 and c.
9
Let w be -1*-5*12/(-10). Let v be (-315)/(-10) + w/4. What is the greatest common factor of v and 20?
10
Let p(n) = n**3 + 14*n**2 + 17*n - 12. Let o be p(-12). Let h(t) = t**2. Let u be h(-3). Suppose 0*d + u = d. What is the highest common divisor of o and d?
9
Suppose 5*t = -5*v - 1 + 186, 4*v = 4*t - 188. What is the highest common factor of t and 6?
6
Let z be (4 + -6)/(-2 - 0). Let m be z*(1 - -6 - 0). What is the highest common factor of 49 and m?
7
Suppose -4*z + 22 = 6. What is the highest common divisor of z and 6?
2
Let l = -29 - -84. Calculate the highest common divisor of l and 11